is o(-9)?
-10
Let g(l) = -l**3 + l**2 + 6*l - 51. What is g(0)?
-51
Let h(k) = -9*k**3 + 4*k**2 - 27*k + 38. Determine h(4).
-582
Let r(y) = y**3 + 64*y**2 + 309*y + 15506. What is r(-63)?
8
Let a(p) = p**2 + 9483*p - 113943. Determine a(12).
-3
Let m(s) = -2*s**3 - 71*s**2 - 38*s - 100. Give m(-35).
5
Let r(k) = 40*k**2 - 889*k + 194. Give r(22).
-4
Let f(x) = -60*x + 261. Determine f(4).
21
Let r(y) = -3*y**2 - 119*y - 103. Determine r(-45).
-823
Let c(v) = 3*v**2 - 130*v + 504. Determine c(39).
-3
Let k(x) = -x**3 + 42*x**2 - 73*x - 326. Give k(40).
-46
Let g(d) = 2*d**2 - 217*d - 2095. Give g(-9).
20
Let z(t) = 3*t**2 + 35*t + 35. Determine z(-1).
3
Let r(l) = 48*l + 4508. Calculate r(-94).
-4
Let a(x) = x**2 - 7*x + 114. Give a(8).
122
Let i(r) = 9*r**2 + 603*r + 5. Calculate i(-67).
5
Let o(f) = -4*f - 360. Give o(43).
-532
Let o(y) = 41*y**2 - 248*y + 381. What is o(3)?
6
Let q(l) = 25*l**3 - 2*l**2 - 6*l - 6. Give q(-2).
-202
Let w(q) = -q**3 - 10*q**2 + 71*q + 282. Give w(-14).
72
Let b(t) = 2*t**3 + 8*t**2 - 4*t + 15. Calculate b(-4).
31
Let w(u) = -2370*u + 9478. Determine w(4).
-2
Let v(h) = -11302*h - 22634. Determine v(-2).
-30
Let w(y) = -33*y - 24. Determine w(2).
-90
Let r(t) = -28*t - 35. Calculate r(-3).
49
Let a(m) = -2568*m + 48789. What is a(19)?
-3
Let i(k) = -k**2 + 106*k - 2073. Determine i(80).
7
Let z(j) = j**3 + 34*j**2 + 36*j + 106. Give z(-33).
7
Let i(l) = -l**3 - 10*l**2 - 3*l + 2. Calculate i(-10).
32
Let j(d) = -24*d + 992. Calculate j(31).
248
Let c(i) = 4*i**2 + 143*i + 803. Determine c(-7).
-2
Let i(a) = a**2 + 23*a + 25. Give i(-22).
3
Let y(p) = 3*p**3 - 124*p**2 - 74*p - 394. Give y(42).
26
Let y(s) = -33*s + 92. What is y(9)?
-205
Let o(m) = 4*m**3 - 162*m**2 + 80*m - 18. Determine o(40).
-18
Let t(h) = 109*h - 449. Give t(4).
-13
Let s(u) = u**2 + 47*u + 217. What is s(-42)?
7
Let y(j) = -j**2 + 48*j + 940. Determine y(-15).
-5
Let o(f) = 2*f**2 - 152*f - 1891. Calculate o(-11).
23
Let u(d) = -d**3 - 35*d**2 + d + 74. Calculate u(-35).
39
Let l(i) = -4244*i - 21218. Give l(-5).
2
Let z(v) = 2000*v + 8008. Determine z(-4).
8
Let f(h) = -5*h**3 + 21*h**2 - h - 4. What is f(4)?
8
Let u(k) = 18*k - 87. Calculate u(5).
3
Let b(f) = f**3 - 32*f**2 + 175*f + 39. Calculate b(25).
39
Let j(q) = -q**2 + q + 259. Calculate j(-15).
19
Let x(z) = -6329*z - 44306. What is x(-7)?
-3
Let s(n) = n**3 + 17*n**2 - 252*n - 4110. Determine s(-14).
6
Let w(y) = -2*y**3 - 35*y**2 - 4*y + 209. Determine w(-17).
-12
Let a(g) = 83*g + 2183. Calculate a(-26).
25
Let y(q) = q**3 - 3*q**2 - q + 40. Give y(4).
52
Let g(z) = 2*z**2 + 35*z + 140. Determine g(-16).
92
Let l(g) = -1448*g + 98473. Calculate l(68).
9
Let o(a) = -5*a**2 - 250*a + 1671. Calculate o(-56).
-9
Let v(z) = -2*z - 55. Give v(-15).
-25
Let h(l) = -l**3 - 14*l**2 - 37*l - 24. Give h(-11).
20
Let s(b) = -b**3 - 26*b**2 + 49*b + 77. Calculate s(-27).
-517
Let f(o) = 2*o**2 + 166*o + 1828. Determine f(-13).
8
Let h(r) = 39*r + 1373. What is h(-35)?
8
Let w(m) = 489*m + 447. Calculate w(-3).
-1020
Let b(m) = 3155*m - 9462. What is b(3)?
3
Let g(v) = v**2 - 20*v + 49. Determine g(15).
-26
Let h(m) = 2*m**3 + 47*m**2 + 198*m + 2. Calculate h(-18).
2
Let t(h) = -h**2 + 114*h - 3087. Give t(44).
-7
Let m(f) = f**2 + 126*f + 603. Calculate m(-5).
-2
Let g(y) = y**3 - 64*y**2 + 630*y - 516. Calculate g(11).
1
Let s(i) = 42*i**2 + 147*i - 66. Calculate s(-4).
18
Let x(s) = -150*s**2 - s + 13. What is x(0)?
13
Let v(w) = -5*w**2 - 182*w - 1637. Give v(-20).
3
Let r(u) = -2*u**3 - 74*u - 337. Calculate r(-5).
283
Let j(x) = 109*x - 5856. Calculate j(52).
-188
Let q(d) = -28*d - 593. Calculate q(-21).
-5
Let w(y) = -y**3 + 9*y**2 - 5*y - 5. Calculate w(5).
70
Let o(w) = -w**2 + 17*w + 1402. Give o(-29).
68
Let f(q) = -9*q**2 - 73*q + 108. Determine f(-12).
-312
Let z(w) = -6*w**2 + 106*w - 57. What is z(17)?
11
Let o(j) = 2*j**3 - j**2 + 17*j - 35. Determine o(5).
275
Let j(a) = a**3 - 44*a**2 - 2*a - 85. Calculate j(44).
-173
Let d(a) = -22*a - 7. Calculate d(0).
-7
Let l(c) = 30*c**3 - 1496*c**2 - 204*c + 170. Calculate l(50).
-30
Let k(i) = -i**3 + 30*i**2 + 37*i + 860. Give k(32).
-4
Let z(a) = 14*a - 372. Determine z(33).
90
Let n(p) = -3*p**2 - 8*p - 127. Give n(-7).
-218
Let j(q) = 2*q**2 - 153*q + 2154. What is j(18)?
48
Let z(r) = -10*r**3 - 12*r**2 - 9*r. Determine z(-4).
484
Let m(n) = -24*n + 43. Calculate m(3).
-29
Let z(o) = 1636*o - 4911. Give z(3).
-3
Let v(j) = 310*j + 13424. Determine v(-43).
94
Let w(n) = -3*n**2 - 135*n - 733. Give w(-38).
65
Let x(i) = -7*i**2 - 58*i - 67. Give x(-6).
29
Let j(d) = -d**2 - 2*d + 129. Determine j(11).
-14
Let b(k) = -3*k**2 - 19*k + 11. Determine b(-6).
17
Let m(b) = -b**3 + 200*b**2 - 424*b + 5545. What is m(198)?
1
Let r(y) = y**3 - 7*y**2 + 43*y - 11. Determine r(5).
154
Let i(n) = -2*n**3 - 8*n**2 - 3*n + 1. What is i(-4)?
13
Let b(q) = -3*q**3 + 121*q**2 + 1272*q + 91. What is b(49)?
-7
Let j(f) = -341*f - 344. Calculate j(-1).
-3
Let d(k) = 48*k + 53. What is d(0)?
53
Let d(b) = -b**2 - 509*b + 6275. Calculate d(12).
23
Let c(y) = -48*y + 390. Give c(8).
6
Let s(d) = -d**3 - 7*d**2 + 5*d - 11. What is s(-7)?
-46
Let u(r) = -r**3 - 7*r**2 + 8*r - 76. Give u(-9).
14
Let f(g) = -4*g**2 + 167*g + 59. Calculate f(42).
17
Let w(m) = -m**2 + 177*m - 1175. Give w(7).
15
Let a(p) = 210*p - 1400. What is a(5)?
-350
Let a(q) = 21*q + 264. Calculate a(-58).
-954
Let h(l) = -l**3 - 45*l**2 - 217*l + 23. Determine h(-39).
-640
Let z(q) = -q**3 - 32*q**2 - 115*q - 95. Determine z(-28).
-11
Let a(h) = h**2 + 32*h + 133. Determine a(-9).
-74
Let s(o) = -10*o + 118. Calculate s(45).
-332
Let j(d) = d**3 - 2*d**2 - d - 158. Calculate j(0).
-158
Let b(s) = -23*s**2 + 379*s - 32. Give b(17).
-236
Let y(t) = t**3 - 49*t**2 - 41*t - 41. Calculate y(50).
409
Let p(k) = -160*k - 3369. Determine p(-21).
-9
Let b(x) = 4*x**2 - 229*x - 134. Determine b(58).
40
Let k(u) = u**3 + 11*u**2 + 25*u + 79. What is k(-9)?
16
Let j(t) = 11*t**3 + 89*t**2 - 9*t - 30. Calculate j(-8).
106
Let v(b) = -2*b**2 - 12*b + 31. Calculate v(-7).
17
Let p(h) = h**2 + 2831*h + 19755. Determine p(-7).
-13
Let z(w) = w**3 + 14*w**2 + 58*w - 12. Determine z(-9).
-129
Let i(o) = -o**3 + 17*o**2 - 116*o + 10. Give i(9).
-386
Let i(k) = -19*k**2 - 90*k + 21. What is i(-5)?
-4
Let q(n) = -802*n - 7212. Give q(-9).
6
Let h(f) = -27*f + 136. Give h(-18).
622
Let a(x) = 41*x - 386. Determine a(11).
65
Let q(c) = 2*c**2 - 48*c - 374. What is q(-6)?
-14
Let n(c) = -2954*c + 35453. Give n(12).
5
Let q(k) = -k**2 + 53*k - 619. Give q(31).
63
Let d(u) = 9*u**2 - 123*u + 80. Calculate d(13).
2
Let x(b) = -b**2 - 69*b - 1057. What is x(-23)?
1
Let n(p) = -83*p + 1157. Determine n(6).
659
Let v(m) = -225*m - 36. Give v(0).
-36
Let j(y) = 19*y**2 - 5431*y - 849. Calculate j(286).
9
Let w(o) = 111*o + 7112. Calculate w(-64).
8
Let k(j) = -4*j**3 + 36*j**2 - 99*j - 12. Calculate k(3).
-93
Let f(t) = -337*t + 4377. What is f(13)?
-4
Let a(u) = -u**2 + 32*u + 527. What is a(-10)?
107
Let c(t) = -58*t + 6. Determine c(0).
6
Let l(a) = a**3 + 5*a**2 - 20*a + 25. Determine l(-8).
-7
Let t(o) = -2*o**3 - 178*o**2 - 182*o - 528. What is t(-88)?
0
Let t(b) = 8*b - 5. Calculate t(1).
3
Let t(r) = -12*r**3 + 8*r**2 - 48*r + 40. What is t(1)?
-12
Let g(j) = -101*j + 264. What is g(3)?
-39
Let h(y) = -44*y - 2152. What is h(-48)?
-40
Let z(t) = t**3 + 54*t**2 + 194*t - 271. Calculate z(-50).
29
Let y(w) = -5*w**2 + 644*w + 779. Give y(130).
-1
Let t(c) = c**3 + 41*c**2 + 149*c + 48. Calculate t(-37).
11
Let y(z) = -7*z**2 - 9*z. Calculate y(-4).
-76
Let n(h) = -h**2 + 47*h - 219. Give n(42).
-9
Let x(v) = v**3 - 5*v**2 - 19*v - 37. Calculate x(8).
3
Let t(p) = 11*p - 562. Give t(36).
-166
Let z(b) = -b**2 + 46*b - 203. Determine z(41).
2
Let j(z) = -3*z**2 + 300*z - 1711. What is j(6)?
-19
Let p(n) = 357*n - 11770. Determine p(33).
11
Let q(w) = -4240*w - 72073. Determine q(-17).
7
Let k(d) = 229*d + 1068. Calculate k(-5).
-77
Let l(p) = -2*p**2 - 174*p - 1410. Give l(-78).
-6
Let z(u) = -111*u + 961. Calculate z(9).
-38
Let z(x) = -2*x**3 + 30*x**2 - 90*x - 4. Give z(8).
172
Let n(s) = -41*s + 218. What is n(5)?
13
Let w(x) = -17*x**2 - 4*x - 26. Determine w(4).
-314
Let i(r) = -r**2 + 187*r + 1